f) = -f**2 + 22*f - 96. Let o be h(11). Suppose 0 = 5*c + o, 4*g - 12660 = -g - c. Is g a prime number?
False
Suppose -10*k + 8180 + 92436 = -25074. Is k prime?
True
Let f = 126 - 111. Suppose 5948 = f*p - 3487. Is p a composite number?
True
Suppose 8*x + r = 271118, -14*x + 9*x + 169469 = 4*r. Is x a composite number?
False
Suppose 3*z = 3*j - 31977, 3*j + z + 42642 = 7*j. Is j prime?
False
Let i(b) = 1708 - 1616 - 63*b + 984*b. Is i(15) a composite number?
False
Let q = 111 + -797. Let g = q - -1132. Is g prime?
False
Let z = 69223 + -35012. Is z a composite number?
False
Let s = 57752 - -21575. Is s composite?
True
Suppose -7*x + 7*x = -x. Suppose -41*i - r = -44*i + 23006, x = 3*i - 5*r - 23002. Is i prime?
True
Suppose -3*w = -2*c + 9, 0 = -0*w + 3*w + 9. Suppose c = 24*t - 25*t. Suppose t = 8*z - 2671 - 5865. Is z a prime number?
False
Suppose -5*x = -4*x. Suppose -9*t + 4*t + 1180 = x. Suppose -14*b = -10*b - t. Is b prime?
True
Let g(h) = -h**2 - 17*h - 12. Let b be g(-9). Suppose 2*t - 2*v = b, -5*v - 40 = -t - 6*v. Is t composite?
True
Suppose -2*g + 6155 = 3*k, -12255 = -0*g - 4*g + 5*k. Suppose -127*t + 125*t = -g. Is t composite?
True
Let n be 1*3*(-13)/3. Let v(a) = 2333 - 6*a**2 - 2320 + 8*a + 14*a**2. Is v(n) composite?
True
Let z(s) = 54*s**2 + 19*s + 7. Let f(d) = -d**2 - 2. Let j(m) = 6*f(m) + z(m). Is j(-11) a composite number?
True
Let r = -8158 - -16606. Let f = -4501 + r. Is f a composite number?
False
Suppose -4*m - 1405 = -11269 - 81740. Is m prime?
True
Let k(r) = -r**3 - r**2 - 6*r - 12. Let q be k(-3). Suppose 0 = -30*x + q*x - 822. Let h = 156 + x. Is h prime?
True
Suppose -7*d + 189621 = -247606. Is d a prime number?
False
Let q(x) = x**3 - 2*x**2 - 6*x + 5. Let g be (26/(-6) - -5)*(6 + 0). Let o be q(g). Suppose 98 + o = 3*u. Is u a composite number?
False
Suppose 4*j - x = 17, -8 = -j - x - 0*x. Suppose -o = -j*c + 108730 - 13932, 3 = -o. Is c composite?
False
Suppose 164 = 3*u - 6280. Suppose -h = 3*h + u. Let l = -230 - h. Is l a composite number?
False
Let w(g) = 5*g - 136. Let v be w(28). Suppose 2*n = 5*u + 33006, n - 4*u + 49463 = v*n. Is n a composite number?
False
Let z(h) = -h**3 + 65*h**2 + 73*h - 898. Is z(-49) prime?
False
Let l(k) = 3*k - 4*k**2 + 17*k**2 + 13 - 32*k**3 + 33*k**3 + 8*k**2. Is l(-8) composite?
False
Let p(o) = -3*o**3 - 2*o**2 - 6*o + 5. Let b = -51 - -49. Let x(m) = -10*m**3 - 7*m**2 - 17*m + 14. Let l(v) = b*x(v) + 7*p(v). Is l(-8) composite?
True
Let z(v) = v**2 + 3*v - 2. Let d be z(1). Suppose -r = -0*r - d*r. Suppose 0*b + b - 1657 = r. Is b prime?
True
Suppose -5*b - 3*s + 5338 = 0, 3*b - 3*s + 3204 = 6*b. Let y = b - 280. Is y prime?
True
Let v(j) = 2*j**2 + 4*j + 3503 + 5*j + j**3 - 5*j - 8*j. Is v(0) composite?
True
Suppose -4*s - 13 + 5 = 0, -4*k - s + 119666 = 0. Is k a prime number?
True
Let h(x) = -9*x + 16823. Is h(0) composite?
False
Let d be 11 - 909/81 - 616558/(-18). Suppose -19*l + d = -16724. Is l a composite number?
False
Is 13281 + -6 + (16 - 8) composite?
True
Let t(h) = 4*h**3 + 7*h**2 + 3*h + 14. Let s(f) = -f**3 - 1. Let v(r) = 3*s(r) + t(r). Let k be v(-5). Let g = 97 - k. Is g a composite number?
True
Let g(a) be the first derivative of -22 - 19*a - 13/3*a**3 + 1/2*a**4 + 6*a**2. Is g(12) a composite number?
False
Suppose -5*p + 35044 = -1279276. Suppose 0 = 9*z + p - 663643. Is z prime?
True
Let d(y) = -2*y - 9. Let n be d(-6). Suppose -4*m - m = -5*h - 1005, -n*h = 5*m - 1045. Let z = 507 - m. Is z a composite number?
True
Let k be ((-21612)/(-24))/(4/56). Is (k/35)/(5/25) composite?
False
Suppose 108*z + 9795279 = 147*z. Is z prime?
False
Let j(m) = 18*m**2 + 9*m - 17. Let r(o) = o - 9. Let d be r(6). Let f be ((d - 0) + 7)/1. Is j(f) a composite number?
False
Suppose 2*a = -2*q - 1304, -10*q + 2*a = -11*q - 653. Let l = 814 + q. Is l a composite number?
False
Let q be 77/22*8/14. Suppose 3782 + 7976 = q*c. Is c prime?
True
Is (-12 - (3 + -13))/2 + 210356 a composite number?
True
Suppose -15 + 7 = -2*g. Suppose -x + 2774 = g*o, o - 5539 = -2*x + 2*o. Suppose x = i + i. Is i prime?
False
Let r(w) = -w**2 + 46*w - 137. Let m be r(43). Let k(f) = -11*f**2 - 3*f - 6. Let d(j) = -6*j**2 - 2*j - 3. Let p(c) = 5*d(c) - 3*k(c). Is p(m) prime?
False
Let a = -516 - -526. Let j(m) = 1440*m - 257. Is j(a) prime?
True
Let s(q) = -q**3 + 38*q**2 - 4*q + 27. Let a be s(19). Let x be (1/4)/(20934/(-20936) - -1). Let n = a - x. Is n a composite number?
True
Suppose -320*r + 309*r + 444653 = 0. Is r composite?
False
Suppose 51 = 6*i - 171. Suppose 41*w = i*w + 4556. Is w a prime number?
False
Suppose -f - 10423 = -q + 2*f, -52055 = -5*q - 5*f. Let x = q - 7361. Suppose -6*j = -11293 - x. Is j composite?
True
Let a = -281 - -298. Suppose -a*k - 4 = -16*k, 3*s - 56935 = k. Is s composite?
True
Suppose -8*l - 1623 = 7*l - 4142808. Is l a composite number?
False
Let u(f) = 3468*f + 23. Suppose 4 = g + 3*g. Is u(g) prime?
True
Let h(b) = b**3 - b + 92775. Let u be h(0). Suppose -34*s + u = -208159. Is s prime?
False
Let g = 228 + -228. Suppose -19266 = -10*k + 7*k + v, g = 2*k - 2*v - 12848. Is k composite?
False
Let n(o) = -7463*o - 52. Is n(-33) a prime number?
False
Let m = 140307 + 58672. Is m a composite number?
True
Let u be ((-24)/18)/((-14)/21). Suppose u*q = 21245 + 77. Is q composite?
True
Let h be (-108)/8*(-4)/6. Suppose 13*g = h*g - 25168. Let n = -3733 - g. Is n prime?
False
Let d = -87 + 306. Suppose 603 + d = 3*r. Is r composite?
True
Suppose -4*i + 3*b = -937890, -1042726 = -5*i - 5*b + 129619. Is i composite?
True
Suppose k + 4*i - 103883 = 0, 22*k = 20*k - 5*i + 207754. Is k a composite number?
False
Let y(c) be the third derivative of -1825*c**4/12 + 5*c**3/6 + 36*c**2. Let v be y(-7). Suppose -v = -7*i + 9144. Is i a composite number?
False
Let k = -353 + 348. Is 29/(58/39816) + k a composite number?
True
Let n(v) = -9 + 211*v - 8 + 7 - 7 - 560*v. Is n(-2) composite?
True
Suppose -1664343 = -25*a - 32*a. Is a a prime number?
False
Let v(i) = -36*i**3 - 9*i**2 - 20*i - 23. Is v(-12) a prime number?
True
Suppose 2*z - 27 = -5*o, 0 = -4*z + o + 4*o + 9. Suppose 0 = -z*f - 897 + 13203. Is f prime?
False
Let u(t) = 17*t**3 - 12*t**2 - 2*t + 18. Let a be u(6). Suppose 6*o + a = 3*o. Is o/(1*6/(-3)) composite?
False
Let g(b) = -9310*b - 2. Let l be g(1). Let o = 15845 + l. Is o a prime number?
False
Let w(f) = -6*f - 5*f + 6*f + f + 20 + 31. Suppose -5*t = -4*t. Is w(t) a prime number?
False
Is ((-33860)/15)/((-64)/(-24) + -4) composite?
False
Let k = 142 - 50. Is ((-149)/4)/((-1)/k) composite?
True
Suppose -4*h + 1838754 = 2*r, -5*h + 4*r = -2*h - 1379093. Is h prime?
True
Let m = 67567 + 125856. Is m a composite number?
False
Suppose k = 5*k + v - 3, -k = 5*v + 23. Suppose -h - 8891 = -3*l, k*h - 9388 = 5*l - 24208. Is l composite?
True
Let p be 15553 + (-6 - -9 - 9). Suppose 5*x + 11255 = 5*a, -x + 4312 - p = -5*a. Is a prime?
False
Let k(x) = 212*x**3 - 13*x**2 - 4*x - 2. Is k(5) a composite number?
False
Let h = 167 - 235. Let k = -180 - -146. Is (k/h)/(2/8716) prime?
True
Let g = 263226 + -122125. Is g composite?
False
Let o(b) = -b**3 + 11*b**2 - 5*b - 24. Let x be o(10). Suppose 21*h + 5755 = x*h. Is h a composite number?
False
Suppose -5*h - 2*k + 17 = -65, -2*h - 3*k = -35. Let i = -17 + h. Let j(c) = -844*c**3 - c**2 + 2*c + 2. Is j(i) prime?
False
Let h(r) = r. Let q(o) = -3*o - 19. Let z(a) = -4*h(a) - q(a). Let x be z(4). Let i(w) = w**3 - 9*w**2 + 19*w + 22. Is i(x) prime?
True
Let g(d) = -2*d**2 + 22*d - 23. Let j be g(10). Is (0 - -387) + 2/j*-3 a composite number?
False
Let s(o) = 6417*o**2 + 6*o + 10. Let l be s(-2). Suppose 20 = -4*d, -4*h + 0*d + l = -2*d. Suppose -h = -7*p + p. Is p a prime number?
True
Let t(h) = h**2 - 2*h - 11. Suppose 2*j = -j + 9, 5*j - 31 = -4*n. Let i be t(n). Is (422/(-6)*i)/1 composite?
False
Suppose 83747389 - 26251402 = 2*g + 241*g. Is g composite?
False
Suppose -3*o + 15 = 0, 3*t = o - 0*o - 5. Suppose 4*a - z = 1151 + 1802, 5*a - 3*z - 3700 = t. Is a a composite number?
True
Suppose 3*u = -2*n - 14501, -18*u = -2*n - 19*u - 14499. Suppose -3*s - 23400 = 2*s. Let a = s - n. Is a a prime number?
False
Is -7 - (-9 - (-6 - -4) - 219337) a prime number?
False
Let y = -127799 + 289878. Is y a prime number?
True